ppose 6*f - 2*f - 12 = 0. Suppose -f*t + 4*b - 40 = -b, -24 = 2*t - 2*b. What is the units digit of 8/t*10/(-4)?
2
Let i(y) = -y**3 - 12*y**2 - 11*y + 5. Let d be i(-11). Suppose -5*q + 7 = 3*f, 5*q = -f + 16 - 7. Suppose -q = -a + d. What is the units digit of a?
7
Let h(z) be the third derivative of -z**6/120 - z**5/30 - 7*z**4/24 + 13*z**2. What is the tens digit of h(-5)?
1
Let l(n) = n**2 - 22*n + 9. Let m be l(20). What is the units digit of (-93)/m*(0/2 + 11)?
3
Suppose -5*a + 34*a = 6554. What is the units digit of a?
6
Let i be (-4)/14 - 242/(-14). Let n = 13 + i. What is the tens digit of n?
3
Suppose 4*d = -4*k + 568, 2*d = 5*k + 267 + 17. Let m = -88 + d. What is the units digit of m?
4
Suppose -g + 2 = -k + 6*k, 0 = 2*k + 3*g - 6. Suppose 8*b - 7*b - 22 = k. What is the tens digit of b?
2
Let t = 813 + 279. What is the tens digit of t?
9
Suppose -p - 4*p + 20 = 4*c, -2*c + 4*p = -10. Suppose 2*n = -4*h + 16, 3*n + 0 = -c*h + 23. What is the units digit of n?
6
Let l(u) = 4*u + 28. Let w be l(-7). Suppose 5*h = t - 0*t + 125, w = 2*t + 10. What is the units digit of h?
4
Let c(u) = u**3 - u**2 - 2*u. Let j = 22 - 20. Let d be c(j). Suppose 5*h + v - 70 = 0, 2*v = -2*h - d*v + 20. What is the tens digit of h?
1
Let b = 36 - 32. Suppose -t - 3*z + 49 = t, -b*z = 20. What is the units digit of t?
2
Let r(c) = -c**3 - 8*c**2 + 9*c - 5. Let v be r(-9). What is the tens digit of 1710/25 - (-2)/v?
6
Let f = -94 + 314. Let g be f/16 - 3/(-12). Suppose -2*l - 3*s = -28, 2*l - 14 = 4*s + g. What is the units digit of l?
4
Suppose 0 = -4*g - 8, 1707 = -4*y + g + 5129. What is the units digit of y?
5
Suppose -5*i + 4*i = v - 3616, 0 = 2*v + 3*i - 7236. What is the units digit of v?
2
Let x(w) = -w**2 + 21*w - 17. Let r be x(6). Let a(d) = -d**2 - 3*d - 1. Let b be a(5). Let c = b + r. What is the units digit of c?
2
Let i(j) = 2*j**2 - 2*j - 35. What is the units digit of i(-30)?
5
Let j(g) = -98*g - 111. What is the hundreds digit of j(-19)?
7
Suppose -9*w - 5*t = -12*w + 1246, 4*w - 1696 = -2*t. What is the hundreds digit of w?
4
Let s be 14/(((-3)/3)/(-2)). Let t = s + 37. What is the tens digit of t?
6
Let z be -8 + (3/(-12) - (-4)/16). What is the units digit of z/140*-5 + (-962)/(-14)?
9
Let s(p) be the first derivative of -7*p**4/2 - p**3/3 + 52. What is the hundreds digit of s(-2)?
1
Suppose 0 + 2 = i. Let z(n) = -2*n**2 - 2*n**i - n**2 + 6*n**2 - n + 1. What is the tens digit of z(4)?
1
Let w(m) be the third derivative of m**5/60 + m**4/8 + m**3/3 + 23*m**2. What is the tens digit of w(6)?
5
Suppose -4*k + 4832 = -u, 0 = -5*u - 14 - 6. What is the hundreds digit of k?
2
Suppose 0 = -10*r + 38*r - 13188. What is the hundreds digit of r?
4
Suppose -4*s + z + 32 = 2*z, 3*s + 2*z - 24 = 0. Let d(w) = -4*w + 5*w - w**3 + 3*w + 2 + 4*w - s*w**2. What is the tens digit of d(-9)?
1
Suppose -306*s + 480 = -300*s. What is the units digit of s?
0
Suppose 4*c + 3*v - 9541 = -34, 4*v = -12. What is the thousands digit of c?
2
Let g(u) = 15 + 1 - 13*u + 2*u**2 + 18. What is the units digit of g(6)?
8
Suppose 5*g = 5*z - 65, 0 = 4*g - 8*g - 16. Suppose z*o - 7*o = 174. What is the tens digit of o?
8
Suppose -4*z - 5*w + 55 = 0, 0 = -3*z + z - 2*w + 28. What is the units digit of ((-12)/z)/(12/(-10) - -1)?
4
Let h(y) = -y**2 + 6*y + 6. Let v be h(5). Suppose 97 = 12*j - v*j. What is the tens digit of j?
9
Suppose 4*f - 3 = 29. Suppose -4*x - f = 2*c, 0*x - 5*c = 2*x + 20. Suppose 3*b = 4*h + 150, -2*b + 4*h + x*h = -104. What is the units digit of b?
6
Suppose -17 = -h - 7. Let u be (48/(-20))/(2/h). Let r = u + 46. What is the tens digit of r?
3
Suppose 11*h - 3*h - 3424 = 0. What is the tens digit of h?
2
Let k = 3828 - 1472. What is the tens digit of k?
5
Let d = 707 - 427. Let n = d - 85. Suppose 9*s - n = 4*s. What is the tens digit of s?
3
Let y(t) = -t**3 - 14*t**2 + 13*t + 19. Suppose -7*v - 70 = 35. What is the tens digit of y(v)?
4
Suppose 2*h = 5*i - 5270, 4*i + 23*h - 4216 = 19*h. What is the units digit of i?
4
Let v(q) = 4*q. Let h be v(1). Suppose -3*x - 239 = -2*t, h*t + 3*x - 55 = 414. Suppose -4*c = 30 - t. What is the tens digit of c?
2
Suppose -5*z = 3*u - 0*u + 97, -5*u - 141 = -2*z. Let s(w) = w**3 + 9*w**2 - 15*w + 2. Let x be s(-11). Let m = u - x. What is the units digit of m?
6
Let t be (-8295)/(-49) - (-2)/(-7). Suppose 3*o - 40 + t = 0. Let k = 73 + o. What is the tens digit of k?
3
Let q(k) = 42*k + 2. Let o(c) = -126*c - 7. Let x(h) = 3*o(h) + 8*q(h). What is the units digit of x(-2)?
9
Suppose 18*u + 9295 = 24487. What is the units digit of u?
4
Let x = 20 - 16. Suppose x*c + w - 244 = 0, 3*c + 2*c - w = 305. What is the tens digit of c?
6
Let l(j) = -2*j**3 - 23*j**2 - 18*j + 3. What is the tens digit of l(-11)?
8
Let u(s) = -6*s + 56. Let y(f) = -7*f + 57. Let a(r) = 5*u(r) - 4*y(r). What is the units digit of a(-20)?
2
What is the hundreds digit of 606 - ((-14)/(-28) - (-5)/(-2))?
6
Let v = -1428 - -3355. What is the units digit of v?
7
Suppose -42*q + 23*q = -35226. What is the thousands digit of q?
1
Let b be (-2)/(-2) + (14 - -1). Suppose -12*m = 13*m - 275. Let y = b - m. What is the units digit of y?
5
Let f be (-3)/((-54)/4) + 325/117. Suppose -17 = -2*i + i - 4*m, f*i = 4*m + 67. What is the tens digit of i?
2
Let d(m) = 3*m - 11. Let j be d(5). Let f be j - 3 - (-2 + 1). Suppose 0 = -f*c + 42 + 14. What is the tens digit of c?
2
Let s(i) = -2*i**2 - 93*i - 76. What is the hundreds digit of s(-44)?
1
Let c(n) = n - 10. Let t be c(13). Suppose 169 = 5*j - t*h, 2*j - 88 = -2*h - 14. Let a = j + 10. What is the tens digit of a?
4
Suppose 0 = 5*r - 2865 - 760. What is the tens digit of r?
2
Let b(n) = 276*n - 748. What is the tens digit of b(5)?
3
Let z = -4136 - -6182. What is the units digit of z?
6
Let l(x) be the first derivative of 17*x**2/2 - 2*x - 21. Suppose 3*p - 6 = p. What is the tens digit of l(p)?
4
What is the units digit of (3 + 4590/(-14))*378/(-81)?
6
Let t(n) = -n - 1. Let f(a) = -3*a - 3. Let j(w) = 3*f(w) - 8*t(w). Let r be j(-5). Suppose o = -r*q + 7, o = q + q - 11. What is the units digit of q?
3
Let z(q) = -2080*q + 28. What is the hundreds digit of z(-1)?
1
Suppose 5*o - 10278 = o + 5*s, -2*o + 3*s + 5140 = 0. What is the units digit of o?
7
Let i(k) = -150*k + 2. Let t be i(1). Let l = t + 67. Let f = -30 - l. What is the units digit of f?
1
Suppose 4*s - 24 = -2*h, 2*s - 3*h - 12 = h. Suppose 5*b = 3*w - 38, 0*w + s = w - 5*b. Let c = 23 - w. What is the units digit of c?
7
Suppose 2*b - 6 = -2, -2*c + 2*b = -6. Suppose -c*m + 3*m = -4. Suppose 0 = m*j + 4*x - 38, 4*j - x + 2*x = 90. What is the tens digit of j?
2
Let v = 7 - 10. Let i be (12/(-3) - v)*-2. Suppose i*m + 5 = 4*m - 3*c, m = 2*c + 1. What is the units digit of m?
7
Let i(p) = p**2 - 4*p - 6. Let t be i(7). Suppose t = -3*c - 2*c. What is the tens digit of -51*1/c - -4?
2
Let a(m) = 2*m**2 + 3*m - 2. Suppose 7 = 6*t - 11. What is the units digit of a(t)?
5
Let u(h) = -h**3 - 7*h**2 - 14*h + 6. What is the tens digit of u(-5)?
2
Suppose -4*v + 18 = 3*y - y, -5*y + 33 = 4*v. Let n = v + 256. What is the units digit of n?
8
Let g = -33 + 33. Suppose -9*z + 332 + 172 = g. What is the tens digit of z?
5
What is the units digit of ((-33)/(-2))/((-1)/(-36))?
4
Let q(v) = 3*v**2 + v - 12. What is the hundreds digit of q(7)?
1
Let o(i) = i - 1. Suppose -3*y = -5*a + 1, 0 = -3*y - y - 5*a + 22. Let z be o(y). Suppose z*n + 26 = 2*w, n - 6 + 3 = 0. What is the tens digit of w?
1
Let n be (-1)/((-1)/(3 - 1)). Suppose 0 = -0*v - n*v - 4*b - 18, 2*b = -2*v - 8. What is the tens digit of (38/(-4))/(v/(-2))?
1
Suppose 0 = -4*o + 6*o - i - 349, 0 = -2*o + 2*i + 346. Suppose 0*f + o = 2*f. What is the tens digit of f?
8
Let u(r) be the third derivative of r**6/60 - r**4/24 + r**2. What is the hundreds digit of u(4)?
1
Let h(g) be the first derivative of g**4/4 + 3*g**3 + 2*g**2 + 3*g + 16. What is the tens digit of h(-4)?
6
Let j(l) = 3*l**3 + 4*l**2 + 2*l - 1. Let y be j(-3). Let d be 13/y*(-1 + -7). What is the units digit of 7/(-2)*(-4)/d?
7
Let p = 1708 + -477. What is the units digit of p?
1
Let q = 583 - 247. Suppose 19*a + q = 22*a. What is the tens digit of a?
1
Suppose 15*s = 5754 + 1761. What is the tens digit of s?
0
Let s(v) 